ist the prime factors of 118867418.
2, 47, 59, 21433
List the prime factors of 1392806919.
3, 7, 863, 10979
What are the prime factors of 66474108?
2, 3, 68389
What are the prime factors of 4565663?
4565663
What are the prime factors of 75722965?
5, 173, 87541
What are the prime factors of 1585065449?
11, 701, 205559
What are the prime factors of 5137427976?
2, 3, 349, 577, 1063
What are the prime factors of 429742338?
2, 3, 47, 53, 28753
What are the prime factors of 574022428?
2, 7, 1237, 16573
What are the prime factors of 2348266189?
173, 13573793
List the prime factors of 295972151.
295972151
List the prime factors of 173826547.
17, 10225091
What are the prime factors of 684365012?
2, 171091253
What are the prime factors of 73846263?
3, 839, 29339
List the prime factors of 191466033.
3, 11, 29, 59, 3391
What are the prime factors of 640095522?
2, 3, 11, 19, 53, 9631
List the prime factors of 60633818.
2, 7, 4330987
What are the prime factors of 64048839?
3, 211, 101183
What are the prime factors of 1367940289?
1367940289
List the prime factors of 325145515.
5, 31, 2097713
List the prime factors of 642896406.
2, 3, 97, 139, 883
List the prime factors of 232948969.
11, 4567, 4637
List the prime factors of 2573849033.
7, 7873, 46703
List the prime factors of 157110696.
2, 3, 19, 114847
List the prime factors of 7381622850.
2, 3, 5, 7, 7030117
List the prime factors of 1120504767.
3, 751, 497339
List the prime factors of 3141999232.
2, 1789, 13721
List the prime factors of 29586141.
3, 13, 28097
List the prime factors of 45767242.
2, 22883621
What are the prime factors of 1479645081?
3, 97, 1694897
What are the prime factors of 8102740?
2, 5, 19, 21323
What are the prime factors of 309735775?
5, 2909, 4259
List the prime factors of 53334772.
2, 13333693
What are the prime factors of 312078429?
3, 13, 41, 67, 971
What are the prime factors of 107137331?
7, 15305333
What are the prime factors of 1154020501?
349, 1543, 2143
List the prime factors of 588576037.
7, 84082291
What are the prime factors of 270807088?
2, 83, 203921
List the prime factors of 85731925.
5, 23, 149099
What are the prime factors of 15079931?
53, 284527
What are the prime factors of 331016508?
2, 3, 9194903
What are the prime factors of 51308483?
3823, 13421
List the prime factors of 187953187.
19, 9892273
List the prime factors of 53931632.
2, 43, 1823
What are the prime factors of 31129399?
7, 83, 131, 409
What are the prime factors of 192463657?
43, 89, 50291
List the prime factors of 39119078.
2, 43, 197, 2309
List the prime factors of 1441552289.
1441552289
List the prime factors of 237157546.
2, 661, 179393
List the prime factors of 110687225.
5, 11, 71, 5669
List the prime factors of 2347296390.
2, 3, 5, 479, 54449
What are the prime factors of 3479703942?
2, 3, 11, 13, 4055599
List the prime factors of 2102006149.
37, 56810977
What are the prime factors of 549954242?
2, 23, 11955527
List the prime factors of 43397020.
2, 5, 257, 8443
List the prime factors of 1202537707.
7, 171791101
What are the prime factors of 136410706?
2, 43, 157, 10103
What are the prime factors of 304406294?
2, 1367, 111341
What are the prime factors of 64446850?
2, 5, 13, 99149
What are the prime factors of 36117978?
2, 3, 13, 61, 7591
What are the prime factors of 952945781?
1831, 520451
What are the prime factors of 1954068000?
2, 3, 5, 162839
What are the prime factors of 30298531?
43, 704617
What are the prime factors of 1958435566?
2, 89, 181, 683
What are the prime factors of 72586194?
2, 3, 19, 636721
List the prime factors of 1959770202.
2, 3, 13, 25125259
List the prime factors of 53029094.
2, 26514547
List the prime factors of 828273337.
17, 48721961
What are the prime factors of 1702741085?
5, 10007, 34031
What are the prime factors of 14986756?
2, 3746689
List the prime factors of 1350728074.
2, 1033, 653789
List the prime factors of 625430666.
2, 7, 883, 50593
What are the prime factors of 8040773473?
197, 1193, 34213
List the prime factors of 1263989590.
2, 5, 2909, 43451
What are the prime factors of 1553416603?
31, 2029, 24697
List the prime factors of 73154293.
73154293
What are the prime factors of 84887796?
2, 3, 7, 31, 4657
What are the prime factors of 83518009?
2693, 31013
List the prime factors of 19046032.
2, 967, 1231
What are the prime factors of 1656392856?
2, 3, 69016369
List the prime factors of 1035504488.
2, 97, 1334413
What are the prime factors of 620950476?
2, 3, 19, 61, 44647
List the prime factors of 428350309.
17, 1482181
List the prime factors of 1826030980.
2, 5, 6659, 13711
List the prime factors of 277293207.
3, 37, 2498137
What are the prime factors of 33609383?
33609383
What are the prime factors of 126443451?
3, 29, 31, 173, 271
What are the prime factors of 11639086?
2, 5819543
What are the prime factors of 111197741?
111197741
List the prime factors of 47055254.
2, 23527627
List the prime factors of 460364403.
3, 17, 2467, 3659
List the prime factors of 444808015.
5, 1789, 49727
List the prime factors of 9207020.
2, 5, 19, 24229
What are the prime factors of 67665291?
3, 3041, 7417
What are the prime factors of 2255848072?
2, 10223, 27583
What are the prime factors of 2134004716?
2, 2749, 194071
What are the prime factors of 71516589?
3, 19, 523, 2399
List the prime factors of 2774291975.
5, 7, 13, 1219469
List the prime factors of 1660742884.
2, 29, 41, 12041
What are the prime factors of 5944697636?
2, 827, 1797067
What are the prime factors of 51877921?
51877921
What are the prime factors of 2613377245?
5, 43, 1301, 9343
What are the prime factors of 1416188050?
2, 5, 28323761
What are the prime factors of 544354669?
17599, 30931
List the prime factors of 478204826.
2, 11, 1976053
List the prime factors of 235123947.
3, 1637, 15959
List the prime factors of 58303774.
2, 907, 32141
List the prime factors of 1451662355.
5, 11, 13, 347, 5851
List the prime factors of 397689752.
2, 49711219
List the prime factors of 501735281.
37, 347, 39079
What are the prime factors of 1551051342?
2, 3, 2153, 4447
List the prime factors of 83351682.
2, 3, 193, 23993
What are the prime factors of 698639959?
41, 449, 37951
List the prime factors of 415135924.
2, 7, 23, 28027
List the prime factors of 5506549.
29, 189881
What are the prime factors of 565268452?
2, 7, 149, 157, 863
List the prime factors of 2650210264.
2, 13, 25482791
List the prime factors of 49075754.
2, 7, 13, 5503
What are the prime factors of 429006491?
19, 22579289
What are the prime factors of 1602104993?
311, 5151463
List the prime factors of 451759999.
29, 79, 293, 673
What are the prime factors of 162534977?
11, 17, 47, 18493
List the prime factors of 18464738.
2, 2357, 3917
What are the prime factors of 86203692?
2, 3, 647, 3701
What are the prime factors of 3455190470?
2, 5, 19, 2887, 6299
What are the prime factors of 79697127?
3, 26565709
What are the prime factors of 74362297?
8317, 8941
List the prime factors of 186767046.
2, 3, 37, 31159
What are the prime factors of 218958568?
2, 2063, 13267
List the prime factors of 292556335.
5, 431, 135757
What are the prime factors of 16699246?
2, 1657, 5039
What are the prime factors of 19152804?
2, 3, 11, 373, 389
What are the prime factors of 17321818?
2, 8660909
List the prime factors of 189859771.
11161, 17011
What are the prime factors of 2757513162?
2, 3, 3917, 117331
List the prime factors of 31562448.
2, 3, 193, 3407
What are the prime factors of 511564004?
2, 7, 107, 170749
List the prime factors of 1358995312.
2, 84937207
List the prime factors of 184422999.
3, 31, 277, 7159
What are the prime factors of 436341191?
11, 13, 3051337
List the prime factors of 12365600.
2, 5, 13, 29, 41
What are the prime factors of 126877250?
2, 5, 19, 26711
List the prime factors of 188544738.
2, 3, 787, 39929
What are the prime factors of 4103609578?
2, 71, 613, 47143
List the prime factors of 234158605.
5, 46831721
What are the prime factors of 3915601471?
67, 1429, 40897
List the prime factors of 3089752598.
2, 967, 1597597
What are the prime factors of 1486505255?
5, 3851, 77201
What are the prime factors of 282574031?
4583, 61657
List the prime factors of 178082249.
178082249
List the prime factors of 70360192.
2, 7, 19, 4133
List the prime f